{"id":2445,"date":"2023-02-10T08:46:25","date_gmt":"2023-02-10T08:46:25","guid":{"rendered":"https:\/\/presses-universitaires.parisnanterre.fr\/?post_type=product&#038;p=2445"},"modified":"2023-03-14T17:21:43","modified_gmt":"2023-03-14T17:21:43","slug":"les-universalites-museales-aux-xixe-et-xxe-siecles","status":"publish","type":"product","link":"https:\/\/presses-universitaires.parisnanterre.fr\/index.php\/produit\/les-universalites-museales-aux-xixe-et-xxe-siecles\/","title":{"rendered":"Les universalit\u00e9s mus\u00e9ales aux XIX<sup>e<\/sup> et XX<sup>e<\/sup> si\u00e8cles"},"content":{"rendered":"","protected":false},"excerpt":{"rendered":"<ul>\n<li>Herv\u00e9 Inglebert et Sandra Kemp (dir.)<\/li>\n<li>Langue : fran\u00e7ais<\/li>\n<li>204 pages<\/li>\n<li>ISBN : 978-2-84016-509-5<\/li>\n<li>Date de parution : janvier 2023<\/li>\n<\/ul>\n","protected":false},"featured_media":2447,"comment_status":"closed","ping_status":"closed","template":"","meta":{"_kad_blocks_custom_css":"","_kad_blocks_head_custom_js":"","_kad_blocks_body_custom_js":"","_kad_blocks_footer_custom_js":"","_kadence_starter_templates_imported_post":false,"_kad_post_transparent":"default","_kad_post_title":"","_kad_post_layout":"default","_kad_post_sidebar_id":"","_kad_post_content_style":"default","_kad_post_vertical_padding":"default","_kad_post_feature":"","_kad_post_feature_position":"","_kad_post_header":false,"_kad_post_footer":false,"_kad_post_classname":""},"product_brand":[],"product_cat":[395,412,396,400,428,15,461,463],"product_tag":[506],"class_list":{"0":"post-2445","1":"product","2":"type-product","3":"status-publish","4":"has-post-thumbnail","6":"product_cat-arts","7":"product_cat-arts-visuels","8":"product_cat-civilisations-et-cultures-etrangeres","9":"product_cat-histoire","10":"product_cat-histoire-de-lart","11":"product_cat-non-classe","12":"product_cat-xixe-siecle","13":"product_cat-xxe-siecle","14":"product_tag-les-passes-dans-le-present-travaux-recherches","16":"first","17":"instock","18":"taxable","19":"shipping-taxable","20":"purchasable","21":"product-type-simple","22":"entry","23":"content-bg","24":"loop-entry"},"taxonomy_info":{"product_cat":[{"value":395,"label":"Arts"},{"value":412,"label":"Arts visuels"},{"value":396,"label":"Civilisations et cultures \u00e9trang\u00e8res"},{"value":400,"label":"Histoire"},{"value":428,"label":"Histoire de l'art"},{"value":15,"label":"Non class\u00e9"},{"value":461,"label":"XIXe si\u00e8cle"},{"value":463,"label":"XXe si\u00e8cle"}],"product_tag":[{"value":506,"label":"Les pass\u00e9s dans le pr\u00e9sent \u2013 Travaux &amp; Recherches"}]},"featured_image_src_large":["https:\/\/presses-universitaires.parisnanterre.fr\/wp-content\/uploads\/2022\/12\/Couv_universalites_museales2-659x1024.jpg",659,1024,true],"author_info":[],"comment_info":0,"_links":{"self":[{"href":"https:\/\/presses-universitaires.parisnanterre.fr\/index.php\/wp-json\/wp\/v2\/product\/2445","targetHints":{"allow":["GET"]}}],"collection":[{"href":"https:\/\/presses-universitaires.parisnanterre.fr\/index.php\/wp-json\/wp\/v2\/product"}],"about":[{"href":"https:\/\/presses-universitaires.parisnanterre.fr\/index.php\/wp-json\/wp\/v2\/types\/product"}],"replies":[{"embeddable":true,"href":"https:\/\/presses-universitaires.parisnanterre.fr\/index.php\/wp-json\/wp\/v2\/comments?post=2445"}],"wp:featuredmedia":[{"embeddable":true,"href":"https:\/\/presses-universitaires.parisnanterre.fr\/index.php\/wp-json\/wp\/v2\/media\/2447"}],"wp:attachment":[{"href":"https:\/\/presses-universitaires.parisnanterre.fr\/index.php\/wp-json\/wp\/v2\/media?parent=2445"}],"wp:term":[{"taxonomy":"product_brand","embeddable":true,"href":"https:\/\/presses-universitaires.parisnanterre.fr\/index.php\/wp-json\/wp\/v2\/product_brand?post=2445"},{"taxonomy":"product_cat","embeddable":true,"href":"https:\/\/presses-universitaires.parisnanterre.fr\/index.php\/wp-json\/wp\/v2\/product_cat?post=2445"},{"taxonomy":"product_tag","embeddable":true,"href":"https:\/\/presses-universitaires.parisnanterre.fr\/index.php\/wp-json\/wp\/v2\/product_tag?post=2445"}],"curies":[{"name":"wp","href":"https:\/\/api.w.org\/{rel}","templated":true}]}}