{"id":2248,"date":"2022-10-13T14:26:14","date_gmt":"2022-10-13T14:26:14","guid":{"rendered":"https:\/\/presses-universitaires.parisnanterre.fr\/?post_type=product&#038;p=2248"},"modified":"2026-03-19T16:36:17","modified_gmt":"2026-03-19T16:36:17","slug":"la-poesie-de-circonstance-xvie-xxie-siecle-formes-pratiques-usages","status":"publish","type":"product","link":"https:\/\/presses-universitaires.parisnanterre.fr\/index.php\/produit\/la-poesie-de-circonstance-xvie-xxie-siecle-formes-pratiques-usages\/","title":{"rendered":"La po\u00e9sie de circonstance (XVI<sup>e<\/sup>-XXI<sup>e<\/sup> si\u00e8cle). Formes, pratiques, usagesq"},"content":{"rendered":"","protected":false},"excerpt":{"rendered":"<ul>\n<li>Guillaume Peureux et Alain Vaillant (dir.)<\/li>\n<li>Langue : fran\u00e7ais<\/li>\n<li>450 pages<\/li>\n<li>ISBN : 978-2-84016-499-9<\/li>\n<li>Date de parution : 22 septembre 2022<\/li>\n<\/ul>\n","protected":false},"featured_media":2302,"comment_status":"closed","ping_status":"closed","template":"","meta":{"_kad_blocks_custom_css":"","_kad_blocks_head_custom_js":"","_kad_blocks_body_custom_js":"","_kad_blocks_footer_custom_js":"","_kadence_starter_templates_imported_post":false,"_kad_post_transparent":"default","_kad_post_title":"","_kad_post_layout":"default","_kad_post_sidebar_id":"","_kad_post_content_style":"default","_kad_post_vertical_padding":"default","_kad_post_feature":"","_kad_post_feature_position":"","_kad_post_header":false,"_kad_post_footer":false,"_kad_post_classname":""},"product_brand":[],"product_cat":[434,436,403,444],"product_tag":[487],"class_list":{"0":"post-2248","1":"product","2":"type-product","3":"status-publish","4":"has-post-thumbnail","6":"product_cat-litterature","7":"product_cat-litterature-francaise","8":"product_cat-litteratures","9":"product_cat-poesie","10":"product_tag-orbis-litterarum","12":"first","13":"instock","14":"taxable","15":"shipping-taxable","16":"purchasable","17":"product-type-simple","18":"entry","19":"content-bg","20":"loop-entry"},"taxonomy_info":{"product_cat":[{"value":434,"label":"Litt\u00e9rature"},{"value":436,"label":"Litt\u00e9rature fran\u00e7aise"},{"value":403,"label":"Litt\u00e9ratures"},{"value":444,"label":"Po\u00e9sie"}],"product_tag":[{"value":487,"label":"Orbis litterarum"}]},"featured_image_src_large":["https:\/\/presses-universitaires.parisnanterre.fr\/wp-content\/uploads\/2021\/01\/Couv_Poesiecirconstance-895x1024.jpg",895,1024,true],"author_info":[],"comment_info":0,"_links":{"self":[{"href":"https:\/\/presses-universitaires.parisnanterre.fr\/index.php\/wp-json\/wp\/v2\/product\/2248","targetHints":{"allow":["GET"]}}],"collection":[{"href":"https:\/\/presses-universitaires.parisnanterre.fr\/index.php\/wp-json\/wp\/v2\/product"}],"about":[{"href":"https:\/\/presses-universitaires.parisnanterre.fr\/index.php\/wp-json\/wp\/v2\/types\/product"}],"replies":[{"embeddable":true,"href":"https:\/\/presses-universitaires.parisnanterre.fr\/index.php\/wp-json\/wp\/v2\/comments?post=2248"}],"wp:featuredmedia":[{"embeddable":true,"href":"https:\/\/presses-universitaires.parisnanterre.fr\/index.php\/wp-json\/wp\/v2\/media\/2302"}],"wp:attachment":[{"href":"https:\/\/presses-universitaires.parisnanterre.fr\/index.php\/wp-json\/wp\/v2\/media?parent=2248"}],"wp:term":[{"taxonomy":"product_brand","embeddable":true,"href":"https:\/\/presses-universitaires.parisnanterre.fr\/index.php\/wp-json\/wp\/v2\/product_brand?post=2248"},{"taxonomy":"product_cat","embeddable":true,"href":"https:\/\/presses-universitaires.parisnanterre.fr\/index.php\/wp-json\/wp\/v2\/product_cat?post=2248"},{"taxonomy":"product_tag","embeddable":true,"href":"https:\/\/presses-universitaires.parisnanterre.fr\/index.php\/wp-json\/wp\/v2\/product_tag?post=2248"}],"curies":[{"name":"wp","href":"https:\/\/api.w.org\/{rel}","templated":true}]}}

La poésie de circonstance (XVI<sup>e</sup>-XXI<sup>e</sup> siècle). Formes, pratiques, usagesq

<ul>
<li>Guillaume Peureux et Alain Vaillant (dir.)</li>
<li>Langue : français</li>
<li>450 pages</li>
<li>ISBN : 978-2-84016-499-9</li>
<li>Date de parution : 22 septembre 2022</li>
</ul>

Littérature

Littérature française

Littératures

Poésie
