{"id":194,"date":"2020-02-24T11:47:25","date_gmt":"2020-02-24T11:47:25","guid":{"rendered":"https:\/\/presses-universitaires.parisnanterre.fr\/?post_type=product&#038;p=194"},"modified":"2021-06-11T13:48:25","modified_gmt":"2021-06-11T13:48:25","slug":"lexpression-de-la-modalite-epistemique-en-espagnol-etude-diachronique-des-modalisateurs-de-doute","status":"publish","type":"product","link":"https:\/\/presses-universitaires.parisnanterre.fr\/index.php\/produit\/lexpression-de-la-modalite-epistemique-en-espagnol-etude-diachronique-des-modalisateurs-de-doute\/","title":{"rendered":"L\u2019expression de la modalit\u00e9 \u00e9pist\u00e9mique en espagnol. \u00c9tude diachronique des modalisateurs de doute"},"content":{"rendered":"","protected":false},"excerpt":{"rendered":"<ul>\n<li>Alejandra Barrio Garcia<\/li>\n<li>Langue : Fran\u00e7ais<\/li>\n<li>332 Pages<\/li>\n<li>ISBN : 978-2-84016-364-0<\/li>\n<li>Date de publication : 2020<\/li>\n<\/ul>\n","protected":false},"featured_media":269,"comment_status":"closed","ping_status":"closed","template":"","meta":{"_kad_blocks_custom_css":"","_kad_blocks_head_custom_js":"","_kad_blocks_body_custom_js":"","_kad_blocks_footer_custom_js":"","_kadence_starter_templates_imported_post":false,"_kad_post_transparent":"default","_kad_post_title":"","_kad_post_layout":"default","_kad_post_sidebar_id":"","_kad_post_content_style":"default","_kad_post_vertical_padding":"default","_kad_post_feature":"","_kad_post_feature_position":"","_kad_post_header":false,"_kad_post_footer":false,"_kad_post_classname":""},"product_brand":[],"product_cat":[396,432,433],"product_tag":[392],"class_list":{"0":"post-194","1":"product","2":"type-product","3":"status-publish","4":"has-post-thumbnail","6":"product_cat-civilisations-et-cultures-etrangeres","7":"product_cat-langue","8":"product_cat-linguistique","9":"product_tag-mondes-hispaniques","11":"first","12":"instock","13":"taxable","14":"shipping-taxable","15":"purchasable","16":"product-type-simple","17":"entry","18":"content-bg","19":"loop-entry"},"taxonomy_info":{"product_cat":[{"value":396,"label":"Civilisations et cultures \u00e9trang\u00e8res"},{"value":432,"label":"Langue"},{"value":433,"label":"Linguistique"}],"product_tag":[{"value":392,"label":"Mondes hispaniques"}]},"featured_image_src_large":["https:\/\/presses-universitaires.parisnanterre.fr\/wp-content\/uploads\/2021\/02\/006397_cvquadri_expression.p1.png",651,1024,false],"author_info":[],"comment_info":0,"_links":{"self":[{"href":"https:\/\/presses-universitaires.parisnanterre.fr\/index.php\/wp-json\/wp\/v2\/product\/194","targetHints":{"allow":["GET"]}}],"collection":[{"href":"https:\/\/presses-universitaires.parisnanterre.fr\/index.php\/wp-json\/wp\/v2\/product"}],"about":[{"href":"https:\/\/presses-universitaires.parisnanterre.fr\/index.php\/wp-json\/wp\/v2\/types\/product"}],"replies":[{"embeddable":true,"href":"https:\/\/presses-universitaires.parisnanterre.fr\/index.php\/wp-json\/wp\/v2\/comments?post=194"}],"wp:featuredmedia":[{"embeddable":true,"href":"https:\/\/presses-universitaires.parisnanterre.fr\/index.php\/wp-json\/wp\/v2\/media\/269"}],"wp:attachment":[{"href":"https:\/\/presses-universitaires.parisnanterre.fr\/index.php\/wp-json\/wp\/v2\/media?parent=194"}],"wp:term":[{"taxonomy":"product_brand","embeddable":true,"href":"https:\/\/presses-universitaires.parisnanterre.fr\/index.php\/wp-json\/wp\/v2\/product_brand?post=194"},{"taxonomy":"product_cat","embeddable":true,"href":"https:\/\/presses-universitaires.parisnanterre.fr\/index.php\/wp-json\/wp\/v2\/product_cat?post=194"},{"taxonomy":"product_tag","embeddable":true,"href":"https:\/\/presses-universitaires.parisnanterre.fr\/index.php\/wp-json\/wp\/v2\/product_tag?post=194"}],"curies":[{"name":"wp","href":"https:\/\/api.w.org\/{rel}","templated":true}]}}

L’expression de la modalité épistémique en espagnol. Étude diachronique des modalisateurs de doute

<ul>
<li>Alejandra Barrio Garcia</li>
<li>Langue : Français</li>
<li>332 Pages</li>
<li>ISBN : 978-2-84016-364-0</li>
<li>Date de publication : 2020</li>
</ul>

Civilisations et cultures étrangères
