{"id":1931,"date":"2019-01-27T09:32:00","date_gmt":"2019-01-27T09:32:00","guid":{"rendered":"https:\/\/presses-universitaires.parisnanterre.fr\/?post_type=product&#038;p=1931"},"modified":"2022-01-27T09:38:15","modified_gmt":"2022-01-27T09:38:15","slug":"condamner-le-passe-memoires-des-passes-autoritaires-en-europe-et-en-amerique-latine","status":"publish","type":"product","link":"https:\/\/presses-universitaires.parisnanterre.fr\/index.php\/produit\/condamner-le-passe-memoires-des-passes-autoritaires-en-europe-et-en-amerique-latine\/","title":{"rendered":"Condamner le pass\u00e9 ? M\u00e9moires des pass\u00e9s autoritaires en Europe et en Am\u00e9rique latine"},"content":{"rendered":"","protected":false},"excerpt":{"rendered":"<ul>\n<li>Sophie Baby, Laure Neumayer et Fr\u00e9d\u00e9ric Zalewski (dir.)<\/li>\n<li>Langue : fran\u00e7ais<\/li>\n<li>119 pages<\/li>\n<li>Date de parution : 2019<\/li>\n<\/ul>\n","protected":false},"featured_media":1932,"comment_status":"closed","ping_status":"closed","template":"","meta":{"_kad_blocks_custom_css":"","_kad_blocks_head_custom_js":"","_kad_blocks_body_custom_js":"","_kad_blocks_footer_custom_js":"","_kadence_starter_templates_imported_post":false,"_kad_post_transparent":"default","_kad_post_title":"","_kad_post_layout":"default","_kad_post_sidebar_id":"","_kad_post_content_style":"default","_kad_post_vertical_padding":"default","_kad_post_feature":"","_kad_post_feature_position":"","_kad_post_header":false,"_kad_post_footer":false,"_kad_post_classname":""},"product_brand":[],"product_cat":[400],"product_tag":[478],"class_list":{"0":"post-1931","1":"product","2":"type-product","3":"status-publish","4":"has-post-thumbnail","6":"product_cat-histoire","7":"product_tag-les-passes-dans-le-present","9":"first","10":"instock","11":"taxable","12":"shipping-taxable","13":"product-type-simple","14":"entry","15":"content-bg","16":"loop-entry"},"taxonomy_info":{"product_cat":[{"value":400,"label":"Histoire"}],"product_tag":[{"value":478,"label":"Les pass\u00e9s dans le pr\u00e9sent"}]},"featured_image_src_large":["https:\/\/presses-universitaires.parisnanterre.fr\/wp-content\/uploads\/2019\/01\/couv-condamner_le_passe_-1440x2017-556cc-c830c.png",650,910,false],"author_info":[],"comment_info":0,"_links":{"self":[{"href":"https:\/\/presses-universitaires.parisnanterre.fr\/index.php\/wp-json\/wp\/v2\/product\/1931","targetHints":{"allow":["GET"]}}],"collection":[{"href":"https:\/\/presses-universitaires.parisnanterre.fr\/index.php\/wp-json\/wp\/v2\/product"}],"about":[{"href":"https:\/\/presses-universitaires.parisnanterre.fr\/index.php\/wp-json\/wp\/v2\/types\/product"}],"replies":[{"embeddable":true,"href":"https:\/\/presses-universitaires.parisnanterre.fr\/index.php\/wp-json\/wp\/v2\/comments?post=1931"}],"wp:featuredmedia":[{"embeddable":true,"href":"https:\/\/presses-universitaires.parisnanterre.fr\/index.php\/wp-json\/wp\/v2\/media\/1932"}],"wp:attachment":[{"href":"https:\/\/presses-universitaires.parisnanterre.fr\/index.php\/wp-json\/wp\/v2\/media?parent=1931"}],"wp:term":[{"taxonomy":"product_brand","embeddable":true,"href":"https:\/\/presses-universitaires.parisnanterre.fr\/index.php\/wp-json\/wp\/v2\/product_brand?post=1931"},{"taxonomy":"product_cat","embeddable":true,"href":"https:\/\/presses-universitaires.parisnanterre.fr\/index.php\/wp-json\/wp\/v2\/product_cat?post=1931"},{"taxonomy":"product_tag","embeddable":true,"href":"https:\/\/presses-universitaires.parisnanterre.fr\/index.php\/wp-json\/wp\/v2\/product_tag?post=1931"}],"curies":[{"name":"wp","href":"https:\/\/api.w.org\/{rel}","templated":true}]}}

Condamner le passé ? Mémoires des passés autoritaires en Europe et en Amérique latine

<ul>
<li>Sophie Baby, Laure Neumayer et Frédéric Zalewski (dir.)</li>
<li>Langue : français</li>
<li>119 pages</li>
<li>Date de parution : 2019</li>
</ul>

Les passés dans le présent
