{"id":174,"date":"2019-02-23T17:03:36","date_gmt":"2019-02-23T17:03:36","guid":{"rendered":"https:\/\/presses-universitaires.parisnanterre.fr\/?post_type=product&#038;p=174"},"modified":"2026-02-09T09:37:28","modified_gmt":"2026-02-09T09:37:28","slug":"femmes-en-deportation-les-deportees-de-repression-dans-les-camps-nazis-1940-1945","status":"publish","type":"product","link":"https:\/\/presses-universitaires.parisnanterre.fr\/index.php\/produit\/femmes-en-deportation-les-deportees-de-repression-dans-les-camps-nazis-1940-1945\/","title":{"rendered":"Femmes en d\u00e9portation, Les d\u00e9port\u00e9es de r\u00e9pression dans les camps nazis 1940-1945"},"content":{"rendered":"","protected":false},"excerpt":{"rendered":"<ul>\n<li>Philippe Mezzasalma (dir.)<\/li>\n<li>Langue fran\u00e7aise<\/li>\n<li>308 pages<\/li>\n<li>ISBN : 978-2-84016-300-8<\/li>\n<li>Date de publication : 2019<\/li>\n<\/ul>\n","protected":false},"featured_media":282,"comment_status":"closed","ping_status":"closed","template":"","meta":{"_kad_blocks_custom_css":"","_kad_blocks_head_custom_js":"","_kad_blocks_body_custom_js":"","_kad_blocks_footer_custom_js":"","_kadence_starter_templates_imported_post":false,"_kad_post_transparent":"default","_kad_post_title":"","_kad_post_layout":"default","_kad_post_sidebar_id":"","_kad_post_content_style":"default","_kad_post_vertical_padding":"default","_kad_post_feature":"","_kad_post_feature_position":"","_kad_post_header":false,"_kad_post_footer":false,"_kad_post_classname":""},"product_brand":[],"product_cat":[400,453],"product_tag":[467],"class_list":{"0":"post-174","1":"product","2":"type-product","3":"status-publish","4":"has-post-thumbnail","6":"product_cat-histoire","7":"product_cat-seconde-guerre-mondiale","8":"product_tag-sources-et-travaux-de-la-contemporaine","10":"first","11":"instock","12":"taxable","13":"shipping-taxable","14":"purchasable","15":"product-type-simple","16":"entry","17":"content-bg","18":"loop-entry"},"taxonomy_info":{"product_cat":[{"value":400,"label":"Histoire"},{"value":453,"label":"Seconde guerre mondiale"}],"product_tag":[{"value":467,"label":"Sources et travaux de La contemporaine"}]},"featured_image_src_large":["https:\/\/presses-universitaires.parisnanterre.fr\/wp-content\/uploads\/2021\/02\/Couv-Femmes-en-de\u0301portationde\u0301f-810x1024.png",810,1024,true],"author_info":[],"comment_info":0,"_links":{"self":[{"href":"https:\/\/presses-universitaires.parisnanterre.fr\/index.php\/wp-json\/wp\/v2\/product\/174","targetHints":{"allow":["GET"]}}],"collection":[{"href":"https:\/\/presses-universitaires.parisnanterre.fr\/index.php\/wp-json\/wp\/v2\/product"}],"about":[{"href":"https:\/\/presses-universitaires.parisnanterre.fr\/index.php\/wp-json\/wp\/v2\/types\/product"}],"replies":[{"embeddable":true,"href":"https:\/\/presses-universitaires.parisnanterre.fr\/index.php\/wp-json\/wp\/v2\/comments?post=174"}],"wp:featuredmedia":[{"embeddable":true,"href":"https:\/\/presses-universitaires.parisnanterre.fr\/index.php\/wp-json\/wp\/v2\/media\/282"}],"wp:attachment":[{"href":"https:\/\/presses-universitaires.parisnanterre.fr\/index.php\/wp-json\/wp\/v2\/media?parent=174"}],"wp:term":[{"taxonomy":"product_brand","embeddable":true,"href":"https:\/\/presses-universitaires.parisnanterre.fr\/index.php\/wp-json\/wp\/v2\/product_brand?post=174"},{"taxonomy":"product_cat","embeddable":true,"href":"https:\/\/presses-universitaires.parisnanterre.fr\/index.php\/wp-json\/wp\/v2\/product_cat?post=174"},{"taxonomy":"product_tag","embeddable":true,"href":"https:\/\/presses-universitaires.parisnanterre.fr\/index.php\/wp-json\/wp\/v2\/product_tag?post=174"}],"curies":[{"name":"wp","href":"https:\/\/api.w.org\/{rel}","templated":true}]}}

Femmes en déportation, Les déportées de répression dans les camps nazis 1940-1945

<ul>
<li>Philippe Mezzasalma (dir.)</li>
<li>Langue française</li>
<li>308 pages</li>
<li>ISBN : 978-2-84016-300-8</li>
<li>Date de publication : 2019</li>
</ul>
