{"id":172,"date":"2019-02-23T16:55:37","date_gmt":"2019-02-23T16:55:37","guid":{"rendered":"https:\/\/presses-universitaires.parisnanterre.fr\/?post_type=product&#038;p=172"},"modified":"2024-10-30T10:27:03","modified_gmt":"2024-10-30T10:27:03","slug":"le-rapport-bleu-les-sources-historiques-et-theoriques-du-college-international-de-philosophie","status":"publish","type":"product","link":"https:\/\/presses-universitaires.parisnanterre.fr\/index.php\/produit\/le-rapport-bleu-les-sources-historiques-et-theoriques-du-college-international-de-philosophie\/","title":{"rendered":"Le rapport bleu, les sources historiques et th\u00e9oriques du Coll\u00e8ge international de philosophie"},"content":{"rendered":"","protected":false},"excerpt":{"rendered":"<ul>\n<li>Fran\u00e7ois Ch\u00e2telet, Jacques Derrida, Jean Pierre Faye, Dominique Lecourt<\/li>\n<li>Pr\u00e9face d\u2019Isabelle Alfandary<\/li>\n<li>Langue fran\u00e7aise<\/li>\n<li>196 pages<\/li>\n<li>ISBN : 978-2-84016-347-3<\/li>\n<li>Date de publication : 2019<\/li>\n<\/ul>\n","protected":false},"featured_media":283,"comment_status":"closed","ping_status":"closed","template":"","meta":{"_kad_blocks_custom_css":"","_kad_blocks_head_custom_js":"","_kad_blocks_body_custom_js":"","_kad_blocks_footer_custom_js":"","_kadence_starter_templates_imported_post":false,"_kad_post_transparent":"default","_kad_post_title":"","_kad_post_layout":"default","_kad_post_sidebar_id":"","_kad_post_content_style":"default","_kad_post_vertical_padding":"default","_kad_post_feature":"","_kad_post_feature_position":"","_kad_post_header":false,"_kad_post_footer":false,"_kad_post_classname":""},"product_brand":[],"product_cat":[429,405,443],"product_tag":[380,518],"class_list":{"0":"post-172","1":"product","2":"type-product","3":"status-publish","4":"has-post-thumbnail","6":"product_cat-histoire-des-idees","7":"product_cat-philosophie","8":"product_cat-philosophie-thematiques","9":"product_tag-college-international-de-philosophie","10":"product_tag-college-international-de-philosophie-archive","12":"first","13":"instock","14":"taxable","15":"shipping-taxable","16":"purchasable","17":"product-type-simple","18":"entry","19":"content-bg","20":"loop-entry"},"taxonomy_info":{"product_cat":[{"value":429,"label":"Histoire des id\u00e9es"},{"value":405,"label":"Philosophie"},{"value":443,"label":"Philosophie"}],"product_tag":[{"value":380,"label":"Coll\u00e8ge international de philosophie"},{"value":518,"label":"Coll\u00e8ge international de philosophie - Archive"}]},"featured_image_src_large":["https:\/\/presses-universitaires.parisnanterre.fr\/wp-content\/uploads\/2021\/02\/CouvRapportBleu_De\u0301f-681x1024.png",681,1024,true],"author_info":[],"comment_info":0,"_links":{"self":[{"href":"https:\/\/presses-universitaires.parisnanterre.fr\/index.php\/wp-json\/wp\/v2\/product\/172","targetHints":{"allow":["GET"]}}],"collection":[{"href":"https:\/\/presses-universitaires.parisnanterre.fr\/index.php\/wp-json\/wp\/v2\/product"}],"about":[{"href":"https:\/\/presses-universitaires.parisnanterre.fr\/index.php\/wp-json\/wp\/v2\/types\/product"}],"replies":[{"embeddable":true,"href":"https:\/\/presses-universitaires.parisnanterre.fr\/index.php\/wp-json\/wp\/v2\/comments?post=172"}],"wp:featuredmedia":[{"embeddable":true,"href":"https:\/\/presses-universitaires.parisnanterre.fr\/index.php\/wp-json\/wp\/v2\/media\/283"}],"wp:attachment":[{"href":"https:\/\/presses-universitaires.parisnanterre.fr\/index.php\/wp-json\/wp\/v2\/media?parent=172"}],"wp:term":[{"taxonomy":"product_brand","embeddable":true,"href":"https:\/\/presses-universitaires.parisnanterre.fr\/index.php\/wp-json\/wp\/v2\/product_brand?post=172"},{"taxonomy":"product_cat","embeddable":true,"href":"https:\/\/presses-universitaires.parisnanterre.fr\/index.php\/wp-json\/wp\/v2\/product_cat?post=172"},{"taxonomy":"product_tag","embeddable":true,"href":"https:\/\/presses-universitaires.parisnanterre.fr\/index.php\/wp-json\/wp\/v2\/product_tag?post=172"}],"curies":[{"name":"wp","href":"https:\/\/api.w.org\/{rel}","templated":true}]}}

Le rapport bleu, les sources historiques et théoriques du Collège international de philosophie

<ul>
<li>François Châtelet, Jacques Derrida, Jean Pierre Faye, Dominique Lecourt</li>
<li>Préface d’Isabelle Alfandary</li>
<li>Langue française</li>
<li>196 pages</li>
<li>ISBN : 978-2-84016-347-3</li>
<li>Date de publication : 2019</li>
</ul>

Histoire des idées

Collège international de philosophie

Collège international de philosophie - Archive
