{"id":1648,"date":"2013-10-26T12:44:14","date_gmt":"2013-10-26T12:44:14","guid":{"rendered":"https:\/\/presses-universitaires.parisnanterre.fr\/?post_type=product&#038;p=1648"},"modified":"2025-01-10T13:59:14","modified_gmt":"2025-01-10T13:59:14","slug":"lombre-de-lempereur-julien-le-destin-des-ecrits-de-julien-chez-les-auteurs-paiens-et-chretiens-du-ive-au-vi-e-siecle","status":"publish","type":"product","link":"https:\/\/presses-universitaires.parisnanterre.fr\/index.php\/produit\/lombre-de-lempereur-julien-le-destin-des-ecrits-de-julien-chez-les-auteurs-paiens-et-chretiens-du-ive-au-vi-e-siecle\/","title":{"rendered":"L&rsquo;ombre de l&#8217;empereur Julien. Le destin des \u00e9crits de Julien chez les auteurs pa\u00efens et chr\u00e9tiens du IV<sup>e<\/sup> au VI <sup>e<\/sup> si\u00e8cle"},"content":{"rendered":"","protected":false},"excerpt":{"rendered":"<ul>\n<li>Pascal C\u00e9l\u00e9rier<\/li>\n<li>Langue : fran\u00e7ais<\/li>\n<li>528 pages<\/li>\n<li>ISBN : 978-284016-132-5<\/li>\n<li>Date de parution : 2013<\/li>\n<\/ul>\n","protected":false},"featured_media":1649,"comment_status":"closed","ping_status":"closed","template":"","meta":{"_kad_blocks_custom_css":"","_kad_blocks_head_custom_js":"","_kad_blocks_body_custom_js":"","_kad_blocks_footer_custom_js":"","_kadence_starter_templates_imported_post":false,"_kad_post_transparent":"default","_kad_post_title":"","_kad_post_layout":"default","_kad_post_sidebar_id":"","_kad_post_content_style":"default","_kad_post_vertical_padding":"default","_kad_post_feature":"","_kad_post_feature_position":"","_kad_post_header":false,"_kad_post_footer":false,"_kad_post_classname":""},"product_brand":[],"product_cat":[400,403,405],"product_tag":[523],"class_list":{"0":"post-1648","1":"product","2":"type-product","3":"status-publish","4":"has-post-thumbnail","6":"product_cat-histoire","7":"product_cat-litteratures","8":"product_cat-philosophie","9":"product_tag-prix-de-these","11":"first","12":"instock","13":"taxable","14":"shipping-taxable","15":"purchasable","16":"product-type-simple","17":"entry","18":"content-bg","19":"loop-entry"},"taxonomy_info":{"product_cat":[{"value":400,"label":"Histoire"},{"value":403,"label":"Litt\u00e9ratures"},{"value":405,"label":"Philosophie"}],"product_tag":[{"value":523,"label":"Prix de th\u00e8se"}]},"featured_image_src_large":["https:\/\/presses-universitaires.parisnanterre.fr\/wp-content\/uploads\/2021\/10\/CouvEmpJulien-568x1024.jpg",568,1024,true],"author_info":[],"comment_info":0,"_links":{"self":[{"href":"https:\/\/presses-universitaires.parisnanterre.fr\/index.php\/wp-json\/wp\/v2\/product\/1648","targetHints":{"allow":["GET"]}}],"collection":[{"href":"https:\/\/presses-universitaires.parisnanterre.fr\/index.php\/wp-json\/wp\/v2\/product"}],"about":[{"href":"https:\/\/presses-universitaires.parisnanterre.fr\/index.php\/wp-json\/wp\/v2\/types\/product"}],"replies":[{"embeddable":true,"href":"https:\/\/presses-universitaires.parisnanterre.fr\/index.php\/wp-json\/wp\/v2\/comments?post=1648"}],"wp:featuredmedia":[{"embeddable":true,"href":"https:\/\/presses-universitaires.parisnanterre.fr\/index.php\/wp-json\/wp\/v2\/media\/1649"}],"wp:attachment":[{"href":"https:\/\/presses-universitaires.parisnanterre.fr\/index.php\/wp-json\/wp\/v2\/media?parent=1648"}],"wp:term":[{"taxonomy":"product_brand","embeddable":true,"href":"https:\/\/presses-universitaires.parisnanterre.fr\/index.php\/wp-json\/wp\/v2\/product_brand?post=1648"},{"taxonomy":"product_cat","embeddable":true,"href":"https:\/\/presses-universitaires.parisnanterre.fr\/index.php\/wp-json\/wp\/v2\/product_cat?post=1648"},{"taxonomy":"product_tag","embeddable":true,"href":"https:\/\/presses-universitaires.parisnanterre.fr\/index.php\/wp-json\/wp\/v2\/product_tag?post=1648"}],"curies":[{"name":"wp","href":"https:\/\/api.w.org\/{rel}","templated":true}]}}

L&rsquo;ombre de l&#8217;empereur Julien. Le destin des écrits de Julien chez les auteurs païens et chrétiens du IV<sup>e</sup> au VI <sup>e</sup> siècle

<ul>
<li>Pascal Célérier</li>
<li>Langue : français</li>
<li>528 pages</li>
<li>ISBN : 978-284016-132-5</li>
<li>Date de parution : 2013</li>
</ul>

Littératures

Prix de thèse
