{"id":1647,"date":"2008-10-26T12:30:19","date_gmt":"2008-10-26T12:30:19","guid":{"rendered":"https:\/\/presses-universitaires.parisnanterre.fr\/?post_type=product&#038;p=1647"},"modified":"2022-01-26T09:57:01","modified_gmt":"2022-01-26T09:57:01","slug":"hommage-a-jacques-lacarriere-durrell-et-lacarriere-rencontre-au-bord-du-styx","status":"publish","type":"product","link":"https:\/\/presses-universitaires.parisnanterre.fr\/index.php\/produit\/hommage-a-jacques-lacarriere-durrell-et-lacarriere-rencontre-au-bord-du-styx\/","title":{"rendered":"Hommage \u00e0 Jacques Lacarri\u00e8re. Durrell et Lacarri\u00e8re : rencontre au bord du Styx."},"content":{"rendered":"","protected":false},"excerpt":{"rendered":"<ul>\n<li>Corinne Alexandre-Garner et Christiane S\u00e9ris (dir.)<\/li>\n<li>Langue : fran\u00e7ais<\/li>\n<li>168 pages<\/li>\n<li>ISBN : 978-2-84016-030-4<\/li>\n<li>Date de parution : 2008<\/li>\n<\/ul>\n","protected":false},"featured_media":1866,"comment_status":"closed","ping_status":"closed","template":"","meta":{"_kad_blocks_custom_css":"","_kad_blocks_head_custom_js":"","_kad_blocks_body_custom_js":"","_kad_blocks_footer_custom_js":"","_kadence_starter_templates_imported_post":false,"_kad_post_transparent":"default","_kad_post_title":"","_kad_post_layout":"default","_kad_post_sidebar_id":"","_kad_post_content_style":"default","_kad_post_vertical_padding":"default","_kad_post_feature":"","_kad_post_feature_position":"","_kad_post_header":false,"_kad_post_footer":false,"_kad_post_classname":""},"product_brand":[],"product_cat":[434,435,403],"product_tag":[522],"class_list":{"0":"post-1647","1":"product","2":"type-product","3":"status-publish","4":"has-post-thumbnail","6":"product_cat-litterature","7":"product_cat-litterature-comparee","8":"product_cat-litteratures","9":"product_tag-collection-durrellienne","11":"first","12":"instock","13":"taxable","14":"shipping-taxable","15":"purchasable","16":"product-type-simple","17":"entry","18":"content-bg","19":"loop-entry"},"taxonomy_info":{"product_cat":[{"value":434,"label":"Litt\u00e9rature"},{"value":435,"label":"Litt\u00e9rature compar\u00e9e"},{"value":403,"label":"Litt\u00e9ratures"}],"product_tag":[{"value":522,"label":"Collection durrellienne"}]},"featured_image_src_large":["https:\/\/presses-universitaires.parisnanterre.fr\/wp-content\/uploads\/2008\/10\/HommageLacarrie\u0300re.jpg",343,475,false],"author_info":[],"comment_info":0,"_links":{"self":[{"href":"https:\/\/presses-universitaires.parisnanterre.fr\/index.php\/wp-json\/wp\/v2\/product\/1647","targetHints":{"allow":["GET"]}}],"collection":[{"href":"https:\/\/presses-universitaires.parisnanterre.fr\/index.php\/wp-json\/wp\/v2\/product"}],"about":[{"href":"https:\/\/presses-universitaires.parisnanterre.fr\/index.php\/wp-json\/wp\/v2\/types\/product"}],"replies":[{"embeddable":true,"href":"https:\/\/presses-universitaires.parisnanterre.fr\/index.php\/wp-json\/wp\/v2\/comments?post=1647"}],"wp:featuredmedia":[{"embeddable":true,"href":"https:\/\/presses-universitaires.parisnanterre.fr\/index.php\/wp-json\/wp\/v2\/media\/1866"}],"wp:attachment":[{"href":"https:\/\/presses-universitaires.parisnanterre.fr\/index.php\/wp-json\/wp\/v2\/media?parent=1647"}],"wp:term":[{"taxonomy":"product_brand","embeddable":true,"href":"https:\/\/presses-universitaires.parisnanterre.fr\/index.php\/wp-json\/wp\/v2\/product_brand?post=1647"},{"taxonomy":"product_cat","embeddable":true,"href":"https:\/\/presses-universitaires.parisnanterre.fr\/index.php\/wp-json\/wp\/v2\/product_cat?post=1647"},{"taxonomy":"product_tag","embeddable":true,"href":"https:\/\/presses-universitaires.parisnanterre.fr\/index.php\/wp-json\/wp\/v2\/product_tag?post=1647"}],"curies":[{"name":"wp","href":"https:\/\/api.w.org\/{rel}","templated":true}]}}

Hommage à Jacques Lacarrière. Durrell et Lacarrière : rencontre au bord du Styx.

<ul>
<li>Corinne Alexandre-Garner et Christiane Séris (dir.)</li>
<li>Langue : français</li>
<li>168 pages</li>
<li>ISBN : 978-2-84016-030-4</li>
<li>Date de parution : 2008</li>
</ul>

Littérature

Littérature comparée

Littératures
