{"id":1568,"date":"2014-10-21T12:15:40","date_gmt":"2014-10-21T12:15:40","guid":{"rendered":"https:\/\/presses-universitaires.parisnanterre.fr\/?post_type=product&#038;p=1568"},"modified":"2021-10-21T12:17:20","modified_gmt":"2021-10-21T12:17:20","slug":"ecritures-n7-traduire-le-postcolonial-et-la-transculturalite-enjeux-theoriques-linguistiques-litteraires-culturels-politiques-sociologiques","status":"publish","type":"product","link":"https:\/\/presses-universitaires.parisnanterre.fr\/index.php\/produit\/ecritures-n7-traduire-le-postcolonial-et-la-transculturalite-enjeux-theoriques-linguistiques-litteraires-culturels-politiques-sociologiques\/","title":{"rendered":"\u00c9critures n\u00b07. Traduire le postcolonial et la transculturalit\u00e9. Enjeux th\u00e9oriques, linguistiques, litt\u00e9raires, culturels, politiques, sociologiques."},"content":{"rendered":"","protected":false},"excerpt":{"rendered":"<ul>\n<li>Lucia Quaquarelli et Katja Schubert (dir.)<\/li>\n<li>Langue : fran\u00e7ais<\/li>\n<li>222 pages<\/li>\n<li>ISBN : 978-2-84016-200-1<\/li>\n<li>Date de parution : 2014<\/li>\n<\/ul>\n","protected":false},"featured_media":1569,"comment_status":"closed","ping_status":"closed","template":"","meta":{"_kad_blocks_custom_css":"","_kad_blocks_head_custom_js":"","_kad_blocks_body_custom_js":"","_kad_blocks_footer_custom_js":"","_kadence_starter_templates_imported_post":false,"_kad_post_transparent":"default","_kad_post_title":"","_kad_post_layout":"default","_kad_post_sidebar_id":"","_kad_post_content_style":"default","_kad_post_vertical_padding":"default","_kad_post_feature":"","_kad_post_feature_position":"","_kad_post_header":false,"_kad_post_footer":false,"_kad_post_classname":""},"product_brand":[],"product_cat":[396,415,431,432,437],"product_tag":[383],"class_list":{"0":"post-1568","1":"product","2":"type-product","3":"status-publish","4":"has-post-thumbnail","6":"product_cat-civilisations-et-cultures-etrangeres","7":"product_cat-colonisation","8":"product_cat-italie","9":"product_cat-langue","10":"product_cat-litterature-italienne","11":"product_tag-ecritures","13":"first","14":"outofstock","15":"taxable","16":"shipping-taxable","17":"purchasable","18":"product-type-simple","19":"entry","20":"content-bg","21":"loop-entry"},"taxonomy_info":{"product_cat":[{"value":396,"label":"Civilisations et cultures \u00e9trang\u00e8res"},{"value":415,"label":"Colonisation"},{"value":431,"label":"Italie"},{"value":432,"label":"Langue"},{"value":437,"label":"Litt\u00e9rature italienne"}],"product_tag":[{"value":383,"label":"\u00c9critures (revue)"}]},"featured_image_src_large":["https:\/\/presses-universitaires.parisnanterre.fr\/wp-content\/uploads\/2021\/10\/CouvEcritures7-713x1024.jpg",713,1024,true],"author_info":[],"comment_info":0,"_links":{"self":[{"href":"https:\/\/presses-universitaires.parisnanterre.fr\/index.php\/wp-json\/wp\/v2\/product\/1568","targetHints":{"allow":["GET"]}}],"collection":[{"href":"https:\/\/presses-universitaires.parisnanterre.fr\/index.php\/wp-json\/wp\/v2\/product"}],"about":[{"href":"https:\/\/presses-universitaires.parisnanterre.fr\/index.php\/wp-json\/wp\/v2\/types\/product"}],"replies":[{"embeddable":true,"href":"https:\/\/presses-universitaires.parisnanterre.fr\/index.php\/wp-json\/wp\/v2\/comments?post=1568"}],"wp:featuredmedia":[{"embeddable":true,"href":"https:\/\/presses-universitaires.parisnanterre.fr\/index.php\/wp-json\/wp\/v2\/media\/1569"}],"wp:attachment":[{"href":"https:\/\/presses-universitaires.parisnanterre.fr\/index.php\/wp-json\/wp\/v2\/media?parent=1568"}],"wp:term":[{"taxonomy":"product_brand","embeddable":true,"href":"https:\/\/presses-universitaires.parisnanterre.fr\/index.php\/wp-json\/wp\/v2\/product_brand?post=1568"},{"taxonomy":"product_cat","embeddable":true,"href":"https:\/\/presses-universitaires.parisnanterre.fr\/index.php\/wp-json\/wp\/v2\/product_cat?post=1568"},{"taxonomy":"product_tag","embeddable":true,"href":"https:\/\/presses-universitaires.parisnanterre.fr\/index.php\/wp-json\/wp\/v2\/product_tag?post=1568"}],"curies":[{"name":"wp","href":"https:\/\/api.w.org\/{rel}","templated":true}]}}