{"id":156,"date":"2017-02-23T15:39:36","date_gmt":"2017-02-23T15:39:36","guid":{"rendered":"https:\/\/presses-universitaires.parisnanterre.fr\/?post_type=product&#038;p=156"},"modified":"2025-05-16T08:46:46","modified_gmt":"2025-05-16T08:46:46","slug":"invention-de-lesthetique","status":"publish","type":"product","link":"https:\/\/presses-universitaires.parisnanterre.fr\/index.php\/produit\/invention-de-lesthetique\/","title":{"rendered":"L&rsquo;invention de l\u2019esth\u00e9tique, M\u00e9ditations philosophiques sur quelques sujets se rapportant au po\u00e8me"},"content":{"rendered":"","protected":false},"excerpt":{"rendered":"<ul>\n<li>Alexander Gottlieb Baumgarten<\/li>\n<li>Langue : Fran\u00e7aise<\/li>\n<li>150 Pages<\/li>\n<li>ISBN : 978-2-84016-278-0<\/li>\n<li>Date de publication : 2017<\/li>\n<\/ul>\n","protected":false},"featured_media":293,"comment_status":"closed","ping_status":"closed","template":"","meta":{"_kad_blocks_custom_css":"","_kad_blocks_head_custom_js":"","_kad_blocks_body_custom_js":"","_kad_blocks_footer_custom_js":"","_kadence_starter_templates_imported_post":false,"_kad_post_transparent":"default","_kad_post_title":"","_kad_post_layout":"default","_kad_post_sidebar_id":"","_kad_post_content_style":"default","_kad_post_vertical_padding":"default","_kad_post_feature":"","_kad_post_feature_position":"","_kad_post_header":false,"_kad_post_footer":false,"_kad_post_classname":""},"product_brand":[],"product_cat":[422,403,443,405,444,457],"product_tag":[471],"class_list":{"0":"post-156","1":"product","2":"type-product","3":"status-publish","4":"has-post-thumbnail","6":"product_cat-esthetique","7":"product_cat-litteratures","8":"product_cat-philosophie-thematiques","9":"product_cat-philosophie","10":"product_cat-poesie","11":"product_cat-texte","12":"product_tag-idees","14":"first","15":"instock","16":"taxable","17":"shipping-taxable","18":"purchasable","19":"product-type-simple","20":"entry","21":"content-bg","22":"loop-entry"},"taxonomy_info":{"product_cat":[{"value":422,"label":"Esth\u00e9tique"},{"value":403,"label":"Litt\u00e9ratures"},{"value":443,"label":"Philosophie"},{"value":405,"label":"Philosophie"},{"value":444,"label":"Po\u00e9sie"},{"value":457,"label":"Texte"}],"product_tag":[{"value":471,"label":"Id\u00e9es"}]},"featured_image_src_large":["https:\/\/presses-universitaires.parisnanterre.fr\/wp-content\/uploads\/2021\/02\/CouvInventionEsthetique-683x1024.png",683,1024,true],"author_info":[],"comment_info":0,"_links":{"self":[{"href":"https:\/\/presses-universitaires.parisnanterre.fr\/index.php\/wp-json\/wp\/v2\/product\/156","targetHints":{"allow":["GET"]}}],"collection":[{"href":"https:\/\/presses-universitaires.parisnanterre.fr\/index.php\/wp-json\/wp\/v2\/product"}],"about":[{"href":"https:\/\/presses-universitaires.parisnanterre.fr\/index.php\/wp-json\/wp\/v2\/types\/product"}],"replies":[{"embeddable":true,"href":"https:\/\/presses-universitaires.parisnanterre.fr\/index.php\/wp-json\/wp\/v2\/comments?post=156"}],"wp:featuredmedia":[{"embeddable":true,"href":"https:\/\/presses-universitaires.parisnanterre.fr\/index.php\/wp-json\/wp\/v2\/media\/293"}],"wp:attachment":[{"href":"https:\/\/presses-universitaires.parisnanterre.fr\/index.php\/wp-json\/wp\/v2\/media?parent=156"}],"wp:term":[{"taxonomy":"product_brand","embeddable":true,"href":"https:\/\/presses-universitaires.parisnanterre.fr\/index.php\/wp-json\/wp\/v2\/product_brand?post=156"},{"taxonomy":"product_cat","embeddable":true,"href":"https:\/\/presses-universitaires.parisnanterre.fr\/index.php\/wp-json\/wp\/v2\/product_cat?post=156"},{"taxonomy":"product_tag","embeddable":true,"href":"https:\/\/presses-universitaires.parisnanterre.fr\/index.php\/wp-json\/wp\/v2\/product_tag?post=156"}],"curies":[{"name":"wp","href":"https:\/\/api.w.org\/{rel}","templated":true}]}}