{"id":1050,"date":"2017-06-07T14:21:57","date_gmt":"2017-06-07T14:21:57","guid":{"rendered":"https:\/\/presses-universitaires.parisnanterre.fr\/?post_type=product&#038;p=1050"},"modified":"2021-06-11T11:03:37","modified_gmt":"2021-06-11T11:03:37","slug":"les-nations-europeennes-entre-histoire-et-memoire-xixe-xxe-siecles","status":"publish","type":"product","link":"https:\/\/presses-universitaires.parisnanterre.fr\/index.php\/produit\/les-nations-europeennes-entre-histoire-et-memoire-xixe-xxe-siecles\/","title":{"rendered":"Les nations europ\u00e9ennes entre histoire et m\u00e9moire, XIXe-XXe si\u00e8cles"},"content":{"rendered":"","protected":false},"excerpt":{"rendered":"<ul>\n<li>Franck D\u00e9mier, \u00c9lema Musiani (dir.)<\/li>\n<li>Langue fran\u00e7aise<\/li>\n<li>348 pages<\/li>\n<li>ISBN : 978-2-84016-253-7<\/li>\n<li>Date de publication :\u00a0 2017<\/li>\n<\/ul>\n","protected":false},"featured_media":1077,"comment_status":"closed","ping_status":"closed","template":"","meta":{"_kad_blocks_custom_css":"","_kad_blocks_head_custom_js":"","_kad_blocks_body_custom_js":"","_kad_blocks_footer_custom_js":"","_kadence_starter_templates_imported_post":false,"_kad_post_transparent":"default","_kad_post_title":"","_kad_post_layout":"default","_kad_post_sidebar_id":"","_kad_post_content_style":"default","_kad_post_vertical_padding":"default","_kad_post_feature":"","_kad_post_feature_position":"","_kad_post_header":false,"_kad_post_footer":false,"_kad_post_classname":""},"product_brand":[],"product_cat":[426,400],"product_tag":[478,506],"class_list":{"0":"post-1050","1":"product","2":"type-product","3":"status-publish","4":"has-post-thumbnail","6":"product_cat-geopolitique","7":"product_cat-histoire","8":"product_tag-les-passes-dans-le-present","9":"product_tag-les-passes-dans-le-present-travaux-recherches","11":"first","12":"outofstock","13":"taxable","14":"shipping-taxable","15":"purchasable","16":"product-type-simple","17":"entry","18":"content-bg","19":"loop-entry"},"taxonomy_info":{"product_cat":[{"value":426,"label":"G\u00e9opolitique"},{"value":400,"label":"Histoire"}],"product_tag":[{"value":478,"label":"Les pass\u00e9s dans le pr\u00e9sent"},{"value":506,"label":"Les pass\u00e9s dans le pr\u00e9sent \u2013 Travaux &amp; Recherches"}]},"featured_image_src_large":["https:\/\/presses-universitaires.parisnanterre.fr\/wp-content\/uploads\/2021\/06\/CouvNationsEuro2-655x1024.jpg",655,1024,true],"author_info":[],"comment_info":0,"_links":{"self":[{"href":"https:\/\/presses-universitaires.parisnanterre.fr\/index.php\/wp-json\/wp\/v2\/product\/1050","targetHints":{"allow":["GET"]}}],"collection":[{"href":"https:\/\/presses-universitaires.parisnanterre.fr\/index.php\/wp-json\/wp\/v2\/product"}],"about":[{"href":"https:\/\/presses-universitaires.parisnanterre.fr\/index.php\/wp-json\/wp\/v2\/types\/product"}],"replies":[{"embeddable":true,"href":"https:\/\/presses-universitaires.parisnanterre.fr\/index.php\/wp-json\/wp\/v2\/comments?post=1050"}],"wp:featuredmedia":[{"embeddable":true,"href":"https:\/\/presses-universitaires.parisnanterre.fr\/index.php\/wp-json\/wp\/v2\/media\/1077"}],"wp:attachment":[{"href":"https:\/\/presses-universitaires.parisnanterre.fr\/index.php\/wp-json\/wp\/v2\/media?parent=1050"}],"wp:term":[{"taxonomy":"product_brand","embeddable":true,"href":"https:\/\/presses-universitaires.parisnanterre.fr\/index.php\/wp-json\/wp\/v2\/product_brand?post=1050"},{"taxonomy":"product_cat","embeddable":true,"href":"https:\/\/presses-universitaires.parisnanterre.fr\/index.php\/wp-json\/wp\/v2\/product_cat?post=1050"},{"taxonomy":"product_tag","embeddable":true,"href":"https:\/\/presses-universitaires.parisnanterre.fr\/index.php\/wp-json\/wp\/v2\/product_tag?post=1050"}],"curies":[{"name":"wp","href":"https:\/\/api.w.org\/{rel}","templated":true}]}}

Les nations européennes entre histoire et mémoire, XIXe-XXe siècles

<ul>
<li>Franck Démier, Élema Musiani (dir.)</li>
<li>Langue française</li>
<li>348 pages</li>
<li>ISBN : 978-2-84016-253-7</li>
<li>Date de publication :  2017</li>
</ul>

Géopolitique

Les passés dans le présent

Les passés dans le présent – Travaux &amp; Recherches
