{"id":3522,"date":"2025-01-06T11:43:38","date_gmt":"2025-01-06T11:43:38","guid":{"rendered":"https:\/\/presses-universitaires.parisnanterre.fr\/?page_id=3522"},"modified":"2025-09-18T16:55:33","modified_gmt":"2025-09-18T16:55:33","slug":"autour-de-louvrage-robert-merle-roman","status":"publish","type":"page","link":"https:\/\/presses-universitaires.parisnanterre.fr\/index.php\/autour-de-louvrage-robert-merle-roman\/","title":{"rendered":"Autour de l&rsquo;ouvrage Robert Merle : roman"},"content":{"rendered":"\n<h1 class=\"wp-block-heading has--font-size\">Autour de l&rsquo;ouvrage <em>Robert Merle : roman<\/em> <\/h1>\n\n\n\n<p>Article <em>Le Monde des livres<\/em> le 18\/12\/2024 : <a href=\"https:\/\/www.lemonde.fr\/livres\/article\/2024\/12\/19\/nos-choix-de-lecture-robert-merle-roman-marigold-et-rose-parias_6456423_3260.html\">Nos choix de lecture&nbsp;: \u00ab&nbsp;Robert Merle&nbsp;: roman&nbsp;\u00bb, \u00ab&nbsp;Marigold et Rose&nbsp;\u00bb, \u00ab&nbsp;Parias&nbsp;\u00bb\u2026<\/a><\/p>\n\n\n\n<p>La \u00ab Revue de presse \u00bb de Claude Ascolovitch sur <em>FranceInter<\/em> le 20\/12\/2024 : <a href=\"https:\/\/www.radiofrance.fr\/franceinter\/podcasts\/la-revue-de-presse\/la-revue-de-presse-du-vendredi-20-decembre-2024-3058484\">La splendeur ranim\u00e9e de Robert Merle, et la joie de sa biographe Chlo\u00e9 Thomas qui dispute avec son fant\u00f4me&#8230;<\/a><\/p>\n\n\n\n<p>Article de Nicolas Weill dans <em>Le Monde des livres<\/em> le 21\/12\/2024 : <a href=\"https:\/\/www.lemonde.fr\/livres\/article\/2024\/12\/21\/chloe-thomas-l-hybride-est-son-metier_6460296_3260.html\"> Chlo\u00e9 Thomas, l\u2019hybride est son m\u00e9tier<\/a><\/p>\n\n\n<style>.wp-block-kadence-advancedheading.kt-adv-heading3522_2c6011-28, .wp-block-kadence-advancedheading.kt-adv-heading3522_2c6011-28[data-kb-block=\"kb-adv-heading3522_2c6011-28\"]{font-style:normal;}.wp-block-kadence-advancedheading.kt-adv-heading3522_2c6011-28 mark.kt-highlight, .wp-block-kadence-advancedheading.kt-adv-heading3522_2c6011-28[data-kb-block=\"kb-adv-heading3522_2c6011-28\"] mark.kt-highlight{font-style:normal;color:#f76a0c;-webkit-box-decoration-break:clone;box-decoration-break:clone;padding-top:0px;padding-right:0px;padding-bottom:0px;padding-left:0px;}.wp-block-kadence-advancedheading.kt-adv-heading3522_2c6011-28 img.kb-inline-image, .wp-block-kadence-advancedheading.kt-adv-heading3522_2c6011-28[data-kb-block=\"kb-adv-heading3522_2c6011-28\"] img.kb-inline-image{width:150px;vertical-align:baseline;}<\/style>\n<p class=\"kt-adv-heading3522_2c6011-28 wp-block-kadence-advancedheading\" data-kb-block=\"kb-adv-heading3522_2c6011-28\">Article de\u00a0Xavier de La Porte dans <em>Le Nouvel Obs<\/em> le 28\/12\/2024 : <a href=\"https:\/\/www.nouvelobs.com\/idees\/20241228.OBS98368\/une-pratique-populaire-de-la-litterature-pourquoi-il-faut-relire-les-romans-de-robert-merle.html\">\u00ab\u00a0Une pratique populaire de la litt\u00e9rature\u00a0\u00bb\u00a0: pourquoi il faut relire les romans de Robert Merle<\/a> <\/p>\n\n\n\n<p>Article de Christophe Camus dans <em>Nonfiction<\/em> le 16\/09\/2025 : <a href=\"https:\/\/www.nonfiction.fr\/article-12450-robert-merle-romancier-en-mode-mineur.htm\">https:\/\/www.nonfiction.fr\/article-12450-robert-merle-romancier-en-mode-mineur.htm<\/a><\/p>\n\n\n\n<p><\/p>\n\n\n\n<p><\/p>\n","protected":false},"excerpt":{"rendered":"<p>Autour de l&rsquo;ouvrage Robert Merle : roman Article Le Monde des livres le 18\/12\/2024 : Nos choix de lecture&nbsp;: \u00ab&nbsp;Robert Merle&nbsp;: roman&nbsp;\u00bb, \u00ab&nbsp;Marigold et Rose&nbsp;\u00bb, \u00ab&nbsp;Parias&nbsp;\u00bb\u2026 La \u00ab Revue de presse \u00bb de Claude Ascolovitch sur FranceInter le 20\/12\/2024 : La splendeur ranim\u00e9e de Robert Merle, et la joie de sa biographe Chlo\u00e9 Thomas qui&#8230;<\/p>\n","protected":false},"author":4,"featured_media":0,"parent":0,"menu_order":0,"comment_status":"closed","ping_status":"closed","template":"","meta":{"_kad_blocks_custom_css":"","_kad_blocks_head_custom_js":"","_kad_blocks_body_custom_js":"","_kad_blocks_footer_custom_js":"","_kadence_starter_templates_imported_post":false,"_kad_post_transparent":"","_kad_post_title":"","_kad_post_layout":"","_kad_post_sidebar_id":"","_kad_post_content_style":"","_kad_post_vertical_padding":"","_kad_post_feature":"","_kad_post_feature_position":"","_kad_post_header":false,"_kad_post_footer":false,"_kad_post_classname":"","footnotes":""},"class_list":["post-3522","page","type-page","status-publish","hentry"],"taxonomy_info":[],"featured_image_src_large":false,"author_info":{"display_name":"Fanny Herman","author_link":"https:\/\/presses-universitaires.parisnanterre.fr\/index.php\/author\/fanny\/"},"comment_info":0,"_links":{"self":[{"href":"https:\/\/presses-universitaires.parisnanterre.fr\/index.php\/wp-json\/wp\/v2\/pages\/3522","targetHints":{"allow":["GET"]}}],"collection":[{"href":"https:\/\/presses-universitaires.parisnanterre.fr\/index.php\/wp-json\/wp\/v2\/pages"}],"about":[{"href":"https:\/\/presses-universitaires.parisnanterre.fr\/index.php\/wp-json\/wp\/v2\/types\/page"}],"author":[{"embeddable":true,"href":"https:\/\/presses-universitaires.parisnanterre.fr\/index.php\/wp-json\/wp\/v2\/users\/4"}],"replies":[{"embeddable":true,"href":"https:\/\/presses-universitaires.parisnanterre.fr\/index.php\/wp-json\/wp\/v2\/comments?post=3522"}],"version-history":[{"count":4,"href":"https:\/\/presses-universitaires.parisnanterre.fr\/index.php\/wp-json\/wp\/v2\/pages\/3522\/revisions"}],"predecessor-version":[{"id":3965,"href":"https:\/\/presses-universitaires.parisnanterre.fr\/index.php\/wp-json\/wp\/v2\/pages\/3522\/revisions\/3965"}],"wp:attachment":[{"href":"https:\/\/presses-universitaires.parisnanterre.fr\/index.php\/wp-json\/wp\/v2\/media?parent=3522"}],"curies":[{"name":"wp","href":"https:\/\/api.w.org\/{rel}","templated":true}]}}

<h1 class="wp-block-heading has--font-size">Autour de l&rsquo;ouvrage <em>Robert Merle : roman</em> </h1>



<p>Article <em>Le Monde des livres</em> le 18/12/2024 : <a href="https://www.lemonde.fr/livres/article/2024/12/19/nos-choix-de-lecture-robert-merle-roman-marigold-et-rose-parias_6456423_3260.html">Nos choix de lecture&nbsp;: «&nbsp;Robert Merle&nbsp;: roman&nbsp;», «&nbsp;Marigold et Rose&nbsp;», «&nbsp;Parias&nbsp;»…</a></p>



<p>La « Revue de presse » de Claude Ascolovitch sur <em>FranceInter</em> le 20/12/2024 : <a href="https://www.radiofrance.fr/franceinter/podcasts/la-revue-de-presse/la-revue-de-presse-du-vendredi-20-decembre-2024-3058484">La splendeur ranimée de Robert Merle, et la joie de sa biographe Chloé Thomas qui dispute avec son fantôme&#8230;</a></p>



<p>Article de Nicolas Weill dans <em>Le Monde des livres</em> le 21/12/2024 : <a href="https://www.lemonde.fr/livres/article/2024/12/21/chloe-thomas-l-hybride-est-son-metier_6460296_3260.html"> Chloé Thomas, l’hybride est son métier</a></p>


<style>.wp-block-kadence-advancedheading.kt-adv-heading3522_2c6011-28, .wp-block-kadence-advancedheading.kt-adv-heading3522_2c6011-28[data-kb-block="kb-adv-heading3522_2c6011-28"]{font-style:normal;}.wp-block-kadence-advancedheading.kt-adv-heading3522_2c6011-28 mark.kt-highlight, .wp-block-kadence-advancedheading.kt-adv-heading3522_2c6011-28[data-kb-block="kb-adv-heading3522_2c6011-28"] mark.kt-highlight{font-style:normal;color:#f76a0c;-webkit-box-decoration-break:clone;box-decoration-break:clone;padding-top:0px;padding-right:0px;padding-bottom:0px;padding-left:0px;}.wp-block-kadence-advancedheading.kt-adv-heading3522_2c6011-28 img.kb-inline-image, .wp-block-kadence-advancedheading.kt-adv-heading3522_2c6011-28[data-kb-block="kb-adv-heading3522_2c6011-28"] img.kb-inline-image{width:150px;vertical-align:baseline;}</style>
<p class="kt-adv-heading3522_2c6011-28 wp-block-kadence-advancedheading" data-kb-block="kb-adv-heading3522_2c6011-28">Article de Xavier de La Porte dans <em>Le Nouvel Obs</em> le 28/12/2024 : <a href="https://www.nouvelobs.com/idees/20241228.OBS98368/une-pratique-populaire-de-la-litterature-pourquoi-il-faut-relire-les-romans-de-robert-merle.html">« Une pratique populaire de la littérature » : pourquoi il faut relire les romans de Robert Merle</a> </p>



<p>Article de Christophe Camus dans <em>Nonfiction</em> le 16/09/2025 : <a href="https://www.nonfiction.fr/article-12450-robert-merle-romancier-en-mode-mineur.htm">https://www.nonfiction.fr/article-12450-robert-merle-romancier-en-mode-mineur.htm</a></p>



<p></p>



<p></p>

<p>Autour de l&rsquo;ouvrage Robert Merle : roman Article Le Monde des livres le 18/12/2024 : Nos choix de lecture&nbsp;: «&nbsp;Robert Merle&nbsp;: roman&nbsp;», «&nbsp;Marigold et Rose&nbsp;», «&nbsp;Parias&nbsp;»… La « Revue de presse » de Claude Ascolovitch sur FranceInter le 20/12/2024 : La splendeur ranimée de Robert Merle, et la joie de sa biographe Chloé Thomas qui&#8230;</p>
