{"id":3426,"date":"2024-12-02T16:51:14","date_gmt":"2024-12-02T16:51:14","guid":{"rendered":"https:\/\/presses-universitaires.parisnanterre.fr\/?page_id=3426"},"modified":"2026-01-27T16:58:58","modified_gmt":"2026-01-27T16:58:58","slug":"conference-liberte","status":"publish","type":"page","link":"https:\/\/presses-universitaires.parisnanterre.fr\/index.php\/conference-liberte\/","title":{"rendered":"Conf\u00e9rence"},"content":{"rendered":"\n<h1 class=\"wp-block-heading\">Conf\u00e9rence <\/h1>\n\n\n\n<p><strong>Libert\u00e9 d&rsquo;expression et libert\u00e9 de la presse :<\/strong> <br><strong>fausses menaces et vrais dangers<\/strong><\/p>\n\n\n\n<div class=\"wp-block-media-text alignwide has-media-on-the-right is-stacked-on-mobile is-vertically-aligned-top\" style=\"grid-template-columns:auto 30%\"><div class=\"wp-block-media-text__content\">\n<div class=\"wp-block-columns is-layout-flex wp-container-core-columns-is-layout-9d6595d7 wp-block-columns-is-layout-flex\">\n<div class=\"wp-block-column is-vertically-aligned-center is-layout-flow wp-block-column-is-layout-flow\" style=\"flex-basis:100%\">\n<div class=\"wp-block-columns is-layout-flex wp-container-core-columns-is-layout-9d6595d7 wp-block-columns-is-layout-flex\">\n<div class=\"wp-block-column is-layout-flow wp-block-column-is-layout-flow\" style=\"flex-basis:100%\">\n<p>Les Presses universitaires de Paris Nanterre vous invitent \u00e0 la rencontre entre Anne Deysine, autrice des&nbsp;<em><a href=\"https:\/\/presses-universitaires.parisnanterre.fr\/index.php\/produit\/les-juges-contre-lamerique\/\">Juges contre l\u2019Am\u00e9rique<\/a><\/em>, et Thomas Hochmann, auteur des&nbsp;<em><a href=\"https:\/\/presses-universitaires.parisnanterre.fr\/index.php\/produit\/problemes-de-la-liberte-dexpression-en-france-et-en-grece\/\">Probl\u00e8mes de la libert\u00e9 d\u2019expression en France et en Gr\u00e8ce<\/a><\/em>, sous la mod\u00e9ration de Gregory Rayko, chef de rubrique \u00e0&nbsp;<em>The Conversation France.<\/em><\/p>\n\n\n\n<p><strong>Th\u00e8mes<\/strong><\/p>\n\n\n\n<ul class=\"wp-block-list\">\n<li>Libert\u00e9 d\u2019expression<\/li>\n\n\n\n<li>Censure<\/li>\n\n\n\n<li>Extr\u00eame-droite<\/li>\n\n\n\n<li>M\u00e9dias<\/li>\n\n\n\n<li>Droit fran\u00e7ais\/droit am\u00e9ricain<\/li>\n\n\n\n<li>Mont\u00e9e du populisme<\/li>\n<\/ul>\n<\/div>\n<\/div>\n\n\n\n<p>La conf\u00e9rence se tiendra le jeudi 12 f\u00e9vrier 2026 \u00e0 17h30, \u00e0 l&rsquo;Universit\u00e9 Paris Nanterre, dans l&rsquo;amphith\u00e9\u00e2tre du b\u00e2timent Weber.<\/p>\n<\/div>\n<\/div>\n\n\n\n<p><a href=\"https:\/\/recherche.parisnanterre.fr\/servlet\/com.jsbsoft.jtf.core.SG?EXT=enrollment&amp;PROC=INPUT_ENROLLMENT_FRONT&amp;ACTION=ENROLLMENT&amp;ENROLLMENT_ID_META=1260848\" data-type=\"link\" data-id=\"https:\/\/recherche.parisnanterre.fr\/servlet\/com.jsbsoft.jtf.core.SG?EXT=enrollment&amp;PROC=INPUT_ENROLLMENT_FRONT&amp;ACTION=ENROLLMENT&amp;ENROLLMENT_ID_META=1260848\">Inscrivez-vous ici pour assister \u00e0 la rencontre !<\/a><\/p>\n\n\n\n<p>La conf\u00e9rence sera suivie d&rsquo;une s\u00e9ance de d\u00e9dicace, venez nombreux\u00b7ses !<\/p>\n<\/div><figure class=\"wp-block-media-text__media\"><img loading=\"lazy\" decoding=\"async\" width=\"724\" height=\"1024\" src=\"https:\/\/presses-universitaires.parisnanterre.fr\/wp-content\/uploads\/2026\/01\/idee-724x1024.jpg\" alt=\"\" class=\"wp-image-4174 size-full\" srcset=\"https:\/\/presses-universitaires.parisnanterre.fr\/wp-content\/uploads\/2026\/01\/idee-724x1024.jpg 724w, https:\/\/presses-universitaires.parisnanterre.fr\/wp-content\/uploads\/2026\/01\/idee-212x300.jpg 212w, https:\/\/presses-universitaires.parisnanterre.fr\/wp-content\/uploads\/2026\/01\/idee-768x1086.jpg 768w, https:\/\/presses-universitaires.parisnanterre.fr\/wp-content\/uploads\/2026\/01\/idee-1086x1536.jpg 1086w, https:\/\/presses-universitaires.parisnanterre.fr\/wp-content\/uploads\/2026\/01\/idee-1448x2048.jpg 1448w, https:\/\/presses-universitaires.parisnanterre.fr\/wp-content\/uploads\/2026\/01\/idee-1320x1866.jpg 1320w, https:\/\/presses-universitaires.parisnanterre.fr\/wp-content\/uploads\/2026\/01\/idee-600x848.jpg 600w, https:\/\/presses-universitaires.parisnanterre.fr\/wp-content\/uploads\/2026\/01\/idee.jpg 1655w\" sizes=\"auto, (max-width: 724px) 100vw, 724px\" \/><\/figure><\/div>\n\n\n<style>.wp-block-kadence-spacer.kt-block-spacer-3426_352599-e4 .kt-block-spacer{height:60px;}.wp-block-kadence-spacer.kt-block-spacer-3426_352599-e4 .kt-divider{border-top-width:5px;height:1px;border-top-color:#eee;width:95%;border-top-style:solid;}<\/style>\n<div class=\"wp-block-kadence-spacer aligncenter kt-block-spacer-3426_352599-e4\"><div class=\"kt-block-spacer kt-block-spacer-halign-center\"><hr class=\"kt-divider\"\/><\/div><\/div>\n\n\n\n<p class=\"has-small-font-size\"><\/p>\n\n\n\n<p><\/p>\n","protected":false},"excerpt":{"rendered":"<p>Conf\u00e9rence Libert\u00e9 d&rsquo;expression et libert\u00e9 de la presse : fausses menaces et vrais dangers<\/p>\n","protected":false},"author":4,"featured_media":0,"parent":0,"menu_order":0,"comment_status":"closed","ping_status":"closed","template":"","meta":{"_kad_blocks_custom_css":"","_kad_blocks_head_custom_js":"","_kad_blocks_body_custom_js":"","_kad_blocks_footer_custom_js":"","_kadence_starter_templates_imported_post":false,"_kad_post_transparent":"","_kad_post_title":"","_kad_post_layout":"default","_kad_post_sidebar_id":"","_kad_post_content_style":"default","_kad_post_vertical_padding":"","_kad_post_feature":"","_kad_post_feature_position":"","_kad_post_header":false,"_kad_post_footer":false,"_kad_post_classname":"","footnotes":""},"class_list":["post-3426","page","type-page","status-publish","hentry"],"taxonomy_info":[],"featured_image_src_large":false,"author_info":{"display_name":"Fanny Herman","author_link":"https:\/\/presses-universitaires.parisnanterre.fr\/index.php\/author\/fanny\/"},"comment_info":0,"_links":{"self":[{"href":"https:\/\/presses-universitaires.parisnanterre.fr\/index.php\/wp-json\/wp\/v2\/pages\/3426","targetHints":{"allow":["GET"]}}],"collection":[{"href":"https:\/\/presses-universitaires.parisnanterre.fr\/index.php\/wp-json\/wp\/v2\/pages"}],"about":[{"href":"https:\/\/presses-universitaires.parisnanterre.fr\/index.php\/wp-json\/wp\/v2\/types\/page"}],"author":[{"embeddable":true,"href":"https:\/\/presses-universitaires.parisnanterre.fr\/index.php\/wp-json\/wp\/v2\/users\/4"}],"replies":[{"embeddable":true,"href":"https:\/\/presses-universitaires.parisnanterre.fr\/index.php\/wp-json\/wp\/v2\/comments?post=3426"}],"version-history":[{"count":57,"href":"https:\/\/presses-universitaires.parisnanterre.fr\/index.php\/wp-json\/wp\/v2\/pages\/3426\/revisions"}],"predecessor-version":[{"id":4187,"href":"https:\/\/presses-universitaires.parisnanterre.fr\/index.php\/wp-json\/wp\/v2\/pages\/3426\/revisions\/4187"}],"wp:attachment":[{"href":"https:\/\/presses-universitaires.parisnanterre.fr\/index.php\/wp-json\/wp\/v2\/media?parent=3426"}],"curies":[{"name":"wp","href":"https:\/\/api.w.org\/{rel}","templated":true}]}}

Conférence

<h1 class="wp-block-heading">Conférence </h1>



<p><strong>Liberté d&rsquo;expression et liberté de la presse :</strong> <br><strong>fausses menaces et vrais dangers</strong></p>



<div class="wp-block-media-text alignwide has-media-on-the-right is-stacked-on-mobile is-vertically-aligned-top" style="grid-template-columns:auto 30%"><div class="wp-block-media-text__content">
<div class="wp-block-columns is-layout-flex wp-container-core-columns-is-layout-9d6595d7 wp-block-columns-is-layout-flex">
<div class="wp-block-column is-vertically-aligned-center is-layout-flow wp-block-column-is-layout-flow" style="flex-basis:100%">
<div class="wp-block-columns is-layout-flex wp-container-core-columns-is-layout-9d6595d7 wp-block-columns-is-layout-flex">
<div class="wp-block-column is-layout-flow wp-block-column-is-layout-flow" style="flex-basis:100%">
<p>Les Presses universitaires de Paris Nanterre vous invitent à la rencontre entre Anne Deysine, autrice des&nbsp;<em><a href="https://presses-universitaires.parisnanterre.fr/index.php/produit/les-juges-contre-lamerique/">Juges contre l’Amérique</a></em>, et Thomas Hochmann, auteur des&nbsp;<em><a href="https://presses-universitaires.parisnanterre.fr/index.php/produit/problemes-de-la-liberte-dexpression-en-france-et-en-grece/">Problèmes de la liberté d’expression en France et en Grèce</a></em>, sous la modération de Gregory Rayko, chef de rubrique à&nbsp;<em>The Conversation France.</em></p>



<p><strong>Thèmes</strong></p>



<ul class="wp-block-list">
<li>Liberté d’expression</li>



<li>Censure</li>



<li>Extrême-droite</li>



<li>Médias</li>



<li>Droit français/droit américain</li>



<li>Montée du populisme</li>
</ul>
</div>
</div>



<p>La conférence se tiendra le jeudi 12 février 2026 à 17h30, à l&rsquo;Université Paris Nanterre, dans l&rsquo;amphithéâtre du bâtiment Weber.</p>
</div>
</div>



<p><a href="https://recherche.parisnanterre.fr/servlet/com.jsbsoft.jtf.core.SG?EXT=enrollment&amp;PROC=INPUT_ENROLLMENT_FRONT&amp;ACTION=ENROLLMENT&amp;ENROLLMENT_ID_META=1260848" data-type="link" data-id="https://recherche.parisnanterre.fr/servlet/com.jsbsoft.jtf.core.SG?EXT=enrollment&amp;PROC=INPUT_ENROLLMENT_FRONT&amp;ACTION=ENROLLMENT&amp;ENROLLMENT_ID_META=1260848">Inscrivez-vous ici pour assister à la rencontre !</a></p>



<p>La conférence sera suivie d&rsquo;une séance de dédicace, venez nombreux·ses !</p>
</div><figure class="wp-block-media-text__media"><img loading="lazy" decoding="async" width="724" height="1024" src="https://presses-universitaires.parisnanterre.fr/wp-content/uploads/2026/01/idee-724x1024.jpg" alt="" class="wp-image-4174 size-full" srcset="https://presses-universitaires.parisnanterre.fr/wp-content/uploads/2026/01/idee-724x1024.jpg 724w, https://presses-universitaires.parisnanterre.fr/wp-content/uploads/2026/01/idee-212x300.jpg 212w, https://presses-universitaires.parisnanterre.fr/wp-content/uploads/2026/01/idee-768x1086.jpg 768w, https://presses-universitaires.parisnanterre.fr/wp-content/uploads/2026/01/idee-1086x1536.jpg 1086w, https://presses-universitaires.parisnanterre.fr/wp-content/uploads/2026/01/idee-1448x2048.jpg 1448w, https://presses-universitaires.parisnanterre.fr/wp-content/uploads/2026/01/idee-1320x1866.jpg 1320w, https://presses-universitaires.parisnanterre.fr/wp-content/uploads/2026/01/idee-600x848.jpg 600w, https://presses-universitaires.parisnanterre.fr/wp-content/uploads/2026/01/idee.jpg 1655w" sizes="auto, (max-width: 724px) 100vw, 724px" /></figure></div>


<style>.wp-block-kadence-spacer.kt-block-spacer-3426_352599-e4 .kt-block-spacer{height:60px;}.wp-block-kadence-spacer.kt-block-spacer-3426_352599-e4 .kt-divider{border-top-width:5px;height:1px;border-top-color:#eee;width:95%;border-top-style:solid;}</style>
<div class="wp-block-kadence-spacer aligncenter kt-block-spacer-3426_352599-e4"><div class="kt-block-spacer kt-block-spacer-halign-center"><hr class="kt-divider"/></div></div>



<p class="has-small-font-size"></p>



<p></p>

<p>Conférence Liberté d&rsquo;expression et liberté de la presse : fausses menaces et vrais dangers</p>
