{"id":2995,"date":"2024-04-02T09:09:56","date_gmt":"2024-04-02T09:09:56","guid":{"rendered":"https:\/\/presses-universitaires.parisnanterre.fr\/?page_id=2995"},"modified":"2024-05-30T15:37:10","modified_gmt":"2024-05-30T15:37:10","slug":"les-presses-fetent-leurs-20-ans","status":"publish","type":"page","link":"https:\/\/presses-universitaires.parisnanterre.fr\/index.php\/les-presses-fetent-leurs-20-ans\/","title":{"rendered":"Les Presses f\u00eatent leurs 20 ans"},"content":{"rendered":"<div class=\"wp-block-image\">\n<figure class=\"alignright size-large is-resized\"><img loading=\"lazy\" decoding=\"async\" width=\"724\" height=\"1024\" src=\"https:\/\/presses-universitaires.parisnanterre.fr\/wp-content\/uploads\/2024\/04\/LogoFH20ans-724x1024.png\" alt=\"\" class=\"wp-image-3007\" style=\"width:250px;height:auto\" srcset=\"https:\/\/presses-universitaires.parisnanterre.fr\/wp-content\/uploads\/2024\/04\/LogoFH20ans-724x1024.png 724w, https:\/\/presses-universitaires.parisnanterre.fr\/wp-content\/uploads\/2024\/04\/LogoFH20ans-212x300.png 212w, https:\/\/presses-universitaires.parisnanterre.fr\/wp-content\/uploads\/2024\/04\/LogoFH20ans-768x1086.png 768w, https:\/\/presses-universitaires.parisnanterre.fr\/wp-content\/uploads\/2024\/04\/LogoFH20ans-1086x1536.png 1086w, https:\/\/presses-universitaires.parisnanterre.fr\/wp-content\/uploads\/2024\/04\/LogoFH20ans-1448x2048.png 1448w, https:\/\/presses-universitaires.parisnanterre.fr\/wp-content\/uploads\/2024\/04\/LogoFH20ans-600x849.png 600w\" sizes=\"auto, (max-width: 724px) 100vw, 724px\" \/><\/figure>\n<\/div>\n\n\n<h1 class=\"wp-block-heading\">Les Presses f\u00eatent leurs 20 ans<\/h1>\n\n\n\n<p>Cr\u00e9\u00e9es en 2004, les Presses f\u00eatent cette ann\u00e9e leur vingti\u00e8me anniversaire.<br>Structure \u00e9ditoriale de l\u2019universit\u00e9, les Presses de Nanterre produisent des ouvrages issus de travaux de recherche en sciences humaines et sociales r\u00e9alis\u00e9s par des enseignants chercheurs de Nanterre ou d\u2019autres \u00e9tablissements.<br>Le catalogue des Presses compte plus de 400 titres r\u00e9partis dans 45 collections organis\u00e9es autour de grandes th\u00e9matiques de recherche. Les Presses publient environ 30 nouveaut\u00e9s (livres et revues) chaque ann\u00e9e.<br>En ad\u00e9quation avec la politique d\u2019\u00e9tablissement en mati\u00e8re de science ouverte, les Presses orientent leur politique \u00e9ditoriale vers un d\u00e9veloppement de la diffusion num\u00e9rique. 170 titres du catalogue sont d\u00e9sormais disponibles sur les plateformes de diffusion Open Edition Books et Open Edition Journals. Ces ouvrages sont disponibles gratuitement pour les \u00e9tudiants et personnels de l\u2019universit\u00e9.<br>Par ailleurs, les Presses participent \u00e0 la formation des \u00e9tudiants du parcours CORED (Master Humanit\u00e9s et industries cr\u00e9atives) \u00e0 travers des enseignements professionnalisant et l\u2019accueil de stagiaires.<\/p>\n\n\n\n<p><\/p>\n\n\n\n<p>Les Presses universitaires de Paris Nanterre s\u2019exposent\u00a0!\u00a0<br>D\u00e9couvrez une s\u00e9lection de leurs couvertures au b\u00e2timent Weber (puis au b\u00e2timent Grappin \u00e0 partir du 28 mai) et \u00e0 la BU\u00a0!\u00a0<\/p>\n","protected":false},"excerpt":{"rendered":"<p>Les Presses f\u00eatent leurs 20 ans Cr\u00e9\u00e9es en 2004, les Presses f\u00eatent cette ann\u00e9e leur vingti\u00e8me anniversaire.Structure \u00e9ditoriale de l\u2019universit\u00e9, les Presses de Nanterre produisent des ouvrages issus de travaux de recherche en sciences humaines et sociales r\u00e9alis\u00e9s par des enseignants chercheurs de Nanterre ou d\u2019autres \u00e9tablissements.Le catalogue des Presses compte plus de 400 titres&#8230;<\/p>\n","protected":false},"author":2,"featured_media":0,"parent":0,"menu_order":0,"comment_status":"closed","ping_status":"closed","template":"","meta":{"_kad_blocks_custom_css":"","_kad_blocks_head_custom_js":"","_kad_blocks_body_custom_js":"","_kad_blocks_footer_custom_js":"","_kadence_starter_templates_imported_post":false,"_kad_post_transparent":"","_kad_post_title":"","_kad_post_layout":"","_kad_post_sidebar_id":"","_kad_post_content_style":"","_kad_post_vertical_padding":"","_kad_post_feature":"","_kad_post_feature_position":"","_kad_post_header":false,"_kad_post_footer":false,"_kad_post_classname":"","footnotes":""},"class_list":["post-2995","page","type-page","status-publish","hentry"],"taxonomy_info":[],"featured_image_src_large":false,"author_info":{"display_name":"Thomas Giot-Mikkelsen","author_link":"https:\/\/presses-universitaires.parisnanterre.fr\/index.php\/author\/thomas\/"},"comment_info":0,"_links":{"self":[{"href":"https:\/\/presses-universitaires.parisnanterre.fr\/index.php\/wp-json\/wp\/v2\/pages\/2995","targetHints":{"allow":["GET"]}}],"collection":[{"href":"https:\/\/presses-universitaires.parisnanterre.fr\/index.php\/wp-json\/wp\/v2\/pages"}],"about":[{"href":"https:\/\/presses-universitaires.parisnanterre.fr\/index.php\/wp-json\/wp\/v2\/types\/page"}],"author":[{"embeddable":true,"href":"https:\/\/presses-universitaires.parisnanterre.fr\/index.php\/wp-json\/wp\/v2\/users\/2"}],"replies":[{"embeddable":true,"href":"https:\/\/presses-universitaires.parisnanterre.fr\/index.php\/wp-json\/wp\/v2\/comments?post=2995"}],"version-history":[{"count":26,"href":"https:\/\/presses-universitaires.parisnanterre.fr\/index.php\/wp-json\/wp\/v2\/pages\/2995\/revisions"}],"predecessor-version":[{"id":3174,"href":"https:\/\/presses-universitaires.parisnanterre.fr\/index.php\/wp-json\/wp\/v2\/pages\/2995\/revisions\/3174"}],"wp:attachment":[{"href":"https:\/\/presses-universitaires.parisnanterre.fr\/index.php\/wp-json\/wp\/v2\/media?parent=2995"}],"curies":[{"name":"wp","href":"https:\/\/api.w.org\/{rel}","templated":true}]}}